/10 - 16/(-40)) - 0 is divided by k.
27
Calculate the remainder when 3*(-8)/(-18)*(662 + 37) is divided by 24.
20
Let i = 4944 + -4905. Calculate the remainder when 720 is divided by i.
18
Suppose 3*y + 4*x - 56 = -15, 44 = 3*y + x. Suppose 9*b + 5*m = 1569, -b + 244 = -4*m + 97. Calculate the remainder when b is divided by y.
6
Calculate the remainder when (-3351)/2*(-11 + (28 - 19)) is divided by 39.
36
Let w be 6/4*(-2 - 24/3). Let g(y) = -16*y + 40. Let p be g(w). Suppose -p = -2*o - 12*o. Calculate the remainder when 79 is divided by o.
19
Let l = -4898 - -5021. Suppose 2*s - 434 = -0*s. Let i = s - l. What is the remainder when i is divided by 12?
10
Let z(g) = -332*g**2 + 11616*g + 160. Let o be 4/14 + (-5)/(-7). What is the remainder when 139/o*(1 + 1) is divided by z(35)?
18
Calculate the remainder when ((-389)/2)/((-221)/(-34) + -7) is divided by 128.
5
Let c = 47 - 39. What is the remainder when (-3 - (-168)/30)/(1/5) is divided by c?
5
Let d(q) = q**2 + 43*q + 41. Let c be d(-40). Let n = 45 - c. Calculate the remainder when n is divided by (-3)/9*-7*18.
40
Let n = -25178 + 25218. What is the remainder when 378 is divided by n?
18
Suppose 0 = -z - 1412 + 4112. Suppose -7*x = 18*x - z. Calculate the remainder when 215 is divided by x.
107
Let y(f) = -f - 13. Let i(s) = s + 8. Let g be i(-31). Calculate the remainder when 67 is divided by y(g).
7
Let i be ((-1 - -1) + -5 - 0)/(-1). What is the remainder when 0/(2 + -4) + i + 30 is divided by 14?
7
Suppose -80*j + 3*x = -81*j + 12, 0 = -12*j - 3*x + 309. What is the remainder when (-5 - 97)*1*-1 is divided by j?
21
Let n be 2 + 21/(-14)*-146. Let v = n - 169. Calculate the remainder when 153 is divided by v.
49
Suppose 3 = 4*s - 5. Suppose -2*a - 4 = 0, 2*a - s - 25 = -m. Let j = 112 - m. Calculate the remainder when j is divided by 14.
11
Suppose 0 = n + 3*p + 6, -n + 4*p = 2 - 17. Suppose n*f = -0*f + 117. Let t(b) = b**3 - 9*b**2 - 120*b + 153. Calculate the remainder when t(0) is divided by f.
36
Let l = -4965 + 5030. Calculate the remainder when 130 is divided by l.
0
Suppose 5*m - 113 = -33. Suppose 17*j - 12 = m*j. What is the remainder when 155 is divided by j?
11
Let m(b) = -b**2 + 231*b - 1975. Let o(t) = t**3 - 3*t**2 + 4*t + 1. Calculate the remainder when o(4) is divided by m(9).
10
Let k(x) = 74*x**2 - 270*x - 49. Calculate the remainder when 66 is divided by k(4).
11
Suppose 0 = 43863*c - 43865*c + 1136. Calculate the remainder when c is divided by 127.
60
Let h be (-2)/4 - 46/4. Let z = -2 - h. What is the remainder when (-2)/(((-1)/(-4))/((-3434)/808)) is divided by z?
4
Suppose -18*d = -20*d - 6, 2*x - 41 = -d. What is the remainder when 372 is divided by x?
20
Let h = 62 + 19. Calculate the remainder when h is divided by (-15827)/969*(-12)/14.
11
Suppose -4*k + 4*j + 0 = -28, 16 = -2*k - 4*j. Let c(d) = 8*d**2 - 7*d. Calculate the remainder when 125 is divided by c(k).
17
Let c(f) = 30*f - 1661. What is the remainder when c(57) is divided by 31?
18
Let i = -3657 - -3744. What is the remainder when 224 is divided by i?
50
Suppose 0 = -5*s + 23 - 13. Suppose -15*h - s*h = -1717. Calculate the remainder when h is divided by 29.
14
Let f = 63 + -57. Suppose -f*y + 5 = -y + 5*z, -4 = -2*y - 3*z. Calculate the remainder when (-22)/(-77) + (351/21 - y) is divided by 7.
4
Let n = -1601 + 1826. What is the remainder when 1312 is divided by n?
187
Suppose 66101 + 11781 = 7*p. Calculate the remainder when p is divided by 10.
6
Suppose 26*b = 2870 - 1128. Suppose -4*u = -395 + 91. Suppose -m = -2*l + 32, -4*l + m + 4*m + u = 0. Calculate the remainder when b is divided by l.
11
Suppose o + 2*o + 45 = 0. Calculate the remainder when 176/5 + 3/o is divided by (-145)/(-10) - (1 + 6/4).
11
Let u = -350 - -988. Suppose -166*d = -4151*d + 686*d + 29691. Calculate the remainder when u is divided by d.
8
Let j(w) = -5*w - 37. Let h be j(0). Suppose 72 = -2*a - a. Let g = a - h. What is the remainder when g is divided by 5?
3
Suppose 0 = -10*w + 2586 - 356. Calculate the remainder when w is divided by 41.
18
Suppose -3*u + 18*y = 20*y - 240, 0 = -3*u + y + 258. Let h(a) = -5*a - 25. What is the remainder when u is divided by h(-11)?
24
Suppose -40 = 12*d - 17*d. Let s be 1 + (77 - d/(-4)) + 2. Suppose 7*t = 8*t - s. Calculate the remainder when t is divided by 21.
19
Let j(b) = b**2 + 9*b - 8. Let q be j(6). Let r = q + -62. Calculate the remainder when 5/(r/(-68))*6/(-2) is divided by 9.
6
Let d(s) = -90*s**3 + s**2 - 5*s - 7. Let o be d(-1). Let x = o - 11. Calculate the remainder when x is divided by 8.
6
Let b = -2640 + 2870. What is the remainder when b is divided by 19?
2
Suppose -4*p = -39 - 53. Calculate the remainder when 1*-1 + 3 + 7 + 169 is divided by p.
17
Let z be (-5 - -7)/(20/50). Suppose 4*a - 195 = -z*m - a, 0 = -3*m - 5*a + 115. What is the remainder when m is divided by 7?
5
Let d = -19 - -22. Suppose d*z + 3*r - 360 = -2*r, z - 5*r = 140. Calculate the remainder when z is divided by 8.
5
Suppose 0 = -3*h + j + 286 + 121, 6*h - 4*j = 806. What is the remainder when h is divided by 7?
4
Suppose 4 = -11*z + 10*z. Let j be ((-102)/z)/(2/4). Suppose i = -12 + j. What is the remainder when i is divided by 15?
9
Suppose -9*d + 940 = 130 - 144. What is the remainder when 313 is divided by d?
101
What is the remainder when (5/(-15) + 10620/(-54))*-2 is divided by 20?
14
Suppose -5*g + 5*m + 43 = -22, g - 2*m - 15 = 0. Suppose 6*a + g*a = 2074. Calculate the remainder when a is divided by 31.
29
Suppose 5*z + 8376 = -z. Let o be -14 + ((-12)/(4/(-1)) - -1). Calculate the remainder when 39/(-65) + z/o is divided by 28.
27
Suppose -5*f + 431 = -4*c, 0*c + 233 = 3*f + 4*c. Let o be ((-15)/9 - -1)*(-573)/2. Let v = o + -177. Calculate the remainder when f is divided by v.
13
Suppose 9*p = 4 - 13. Let o = p - -30. Let s = 347 + -203. What is the remainder when s is divided by o?
28
Let f be (-1)/(-3)*3 - -4. Suppose -f*h - 46 + 151 = -5*d, 0 = -3*d. What is the remainder when 144 is divided by h?
18
Let t(o) = 219*o + 44. What is the remainder when t(1) is divided by 44?
43
Suppose -11*b = -b. What is the remainder when 39 is divided by (15 - 4) + b + 4?
9
Let r(k) = k**2 - 13*k + 14. Let d(g) = -g**2 + 14*g + 20. What is the remainder when r(13) is divided by d(15)?
4
Let o = 198 + -70. Let z = o - 122. What is the remainder when 9 is divided by z?
3
Let d = 2014 + -1534. What is the remainder when d is divided by 38?
24
Let j(o) be the third derivative of -7*o**4/12 + 17*o**3 - 33*o**2. Calculate the remainder when 188 is divided by j(5).
28
Let d be (-1 - 98/(-4))/(9/(-18)). Calculate the remainder when (d/(-1))/(38/76) is divided by 6.
4
Let a(k) = -k**2 + 10*k + 377. Calculate the remainder when 303 is divided by a(-11).
11
Suppose 4*j = -2*g - 32, 0 = -3*g - 3*j - 57 + 24. Suppose 4*a = 76 - 184. What is the remainder when 142 is divided by (-966)/a + g/(-27)?
34
Let g(l) = -l**3 - 16*l**2 - 17*l - 12. Suppose -68 = -y + 74. Calculate the remainder when y is divided by g(-15).
16
Let c(a) = -a**3 + 10*a**2 - 11*a + 3. Suppose 4*j = -3*k + 56, 2 + 3 = -j + 4*k. Calculate the remainder when c(8) is divided by j.
10
Let w = -14971 + 15038. Calculate the remainder when w is divided by (30/4)/((-3)/(-4)).
7
Let n(h) = 2*h**3 + 70*h**2 + 35*h - 23. Calculate the remainder when n(-32) is divided by 122.
121
Let y(a) = 4*a**2 - 26*a + 17. Suppose 3*z - 84 = -57. Calculate the remainder when y(z) is divided by 29.
20
Let q(h) = h**3 - 14*h**2 - 12*h - 41. Let c be q(15). Suppose 9*t - 2483 = -c*t. What is the remainder when t is divided by 8?
7
Suppose -18*c = -12*c + 4*c - 222800. What is the remainder when c is divided by 18?
14
Suppose -42081 = -5*b - 4*c, -18*b + 19*b + 5*c - 8391 = 0. Calculate the remainder when b is divided by 108.
105
Suppose 12*b = 8*b + 28. Suppose -b*i + 19 = -9. Suppose -3*v = -i*u + 2 - 14, 0 = -4*v + 2*u + 16. What is the remainder when 10 is divided by v?
2
Suppose 5*d + 0*d + 21 = 2*o, 0 = d - o + 3. What is the remainder when 258 is divided by d/30*-3*(0 + 58)?
26
Suppose z = -4*i + 1166 - 211, 4*z = -i + 235. Calculate the remainder when i is divided by 41.
34
Suppose i + 154 = 3*i. Let x(g) = 4*g**2 - 132*g + 20. What is the remainder when i i